{"id":231,"date":"2025-01-16T17:56:41","date_gmt":"2025-01-16T16:56:41","guid":{"rendered":"https:\/\/bankovenner.dk\/?page_id=231"},"modified":"2025-01-16T17:56:42","modified_gmt":"2025-01-16T16:56:42","slug":"privatlivspolitik","status":"publish","type":"page","link":"https:\/\/bankovenner.dk\/?page_id=231","title":{"rendered":"Privatlivspolitik"},"content":{"rendered":"\n<p>For at opretholde GDPR lovgivningen er vores Privatlivspolitik som f\u00f8lgende:<\/p>\n\n\n<h3 class=\"wp-block-heading\" id=\"dataansvarlig\">Dataansvarlig<\/h3>\n\n\n\n<p>Vi er dataansvarlig for behandlingen af de personoplysninger, som vi behandler om vores kunder og samarbejdspartnere. Du finder vores kontaktoplysninger nedenfor.<\/p>\n\n\n\n<p>Bankovennerne<\/p>\n\n\n\n<p>CVR-nr.: 39663171<\/p>\n\n\n\n<p>Det er ikke et krav, at vores virksomhed har en\u00a0<a href=\"https:\/\/gdpr.dk\/ekstern-dpo\/\">ekstern DPO<\/a>, men hvis du har sp\u00f8rgsm\u00e5l til behandlingen af dine personoplysninger, s\u00e5 kan du kontakte os via <a href=\"mailto:info@bankovenner.dk\" rel=\"nofollow\">info@bankovenner.dk<\/a>.<\/p>\n\n\n<h2 class=\"wp-block-heading\" id=\"behandlingsaktiviteter\">Behandlingsaktiviteter<\/h2>\n\n\n\n<p>Som dataansvarlig jf. GDPR, s\u00e5 har vi f\u00f8lgende behandlingsaktiviteter.<\/p>\n\n\n<h3 class=\"wp-block-heading\" id=\"besoeg-paa-hjemmeside\">Bes&oslash;g p&aring; hjemmeside<\/h3>\n\n\n\n<p>N\u00e5r du bes\u00f8ger vores hjemmeside, s\u00e5 anvender vi cookies for at hjemmesiden kan fungere.<\/p>\n\n\n<h3 class=\"wp-block-heading\" id=\"kommunikation-med-potentielle-kunder\">Kommunikation med potentielle kunder<\/h3>\n\n\n\n<p>N\u00e5r du har sp\u00f8rgsm\u00e5l til vores side, eller \u00f8nsker at h\u00f8re mere om vores services, s\u00e5 kan du kontakte os via:<\/p>\n\n\n<ul class=\"wp-block-list\" style=\"\">\n<li>Kontaktformular<\/li>\n\n\n\n<li>Email<\/li>\n<\/ul>\n\n\n\n<p>Herigennem vil vi behandle dine\u00a0<a href=\"https:\/\/gdpr.dk\/persondataforordningen\/hvad-er-personoplysninger\/\">personoplysninger<\/a>, s\u00e5 vi kan indg\u00e5 i en dialog med dig fx svare p\u00e5 sp\u00f8rgsm\u00e5l om vores services. Vi behandler kun den information, som du giver os i forbindelse med vores kommunikation.<\/p>\n\n\n\n<p>Vi vil typisk behandle f\u00f8lgende almindelige oplysninger: navn og email.<\/p>\n\n\n\n<p>Vores hjemmel til at behandle disse personoplysninger er databeskyttelsesforordningens artikel 6, stk. 1 litra f.<\/p>\n\n\n\n<p>Vi sletter vores kommunikation med dig n\u00e5r det st\u00e5r klart om du \u00f8nsker vores ydelser eller ej.<\/p>\n\n\n\n<p>Skulle der i et s\u00e6rligt tilf\u00e6lde opst\u00e5 et behov for at opbevare dine personoplysninger i l\u00e6ngere tid, s\u00e5 vil dette kunne v\u00e6re tilf\u00e6ldet.<\/p>\n\n\n<h3 class=\"wp-block-heading\" id=\"kunder\">Kunder<\/h3>\n\n\n\n<p>Vi har behov for at kommunikere med vores kunder, s\u00e5 vi sikrer os, at ydelsen leveres korrekt. Herigennem kan vi behandle oplysninger om navn, adresse, ydelser, s\u00e6rlige aftaler, betalingsinformationer og lignende.&nbsp;<\/p>\n\n\n\n<p>Hjemlen til at behandle disse personoplysninger er databeskyttelsesforordningens artikel 6, stk. 1 litra b.<\/p>\n\n\n\n<p>N\u00e5r ydelsen er leveret og eventuelle udest\u00e5ende er afsluttede, s\u00e5 vil vi umiddelbart herefter slette personoplysningerne.<\/p>\n\n\n<h3 class=\"wp-block-heading\" id=\"nyhedsbrev\">Nyhedsbrev<\/h3>\n\n\n\n<p>VI har i\u00f8jeblikket ikke \u00e5bnet for nyhedsbreve.<\/p>\n\n\n<h3 class=\"wp-block-heading\" id=\"bogfoering\">Bogf&oslash;ring<\/h3>\n\n\n\n<p>Vi skal gemme alle regnskabsbilag jf. bogf\u00f8ringsloven. Det betyder, at vi gemmer fakturaer og lignende bilag til brug for regnskabsf\u00f8ring. Heraf kan der fremg\u00e5 almindelige personoplysninger som navn, adresse, ydelsesbeskrivelse.<\/p>\n\n\n\n<p>Vores hjemmel til at behandle personoplysninger til bogf\u00f8ringen er databeskyttelsesforordningens artikel 6, stk.1 litra.<\/p>\n\n\n\n<p>Vi opbevarer disse oplysninger i minimum 5 \u00e5r efter at indev\u00e6rende regnskabs\u00e5r er afsluttet.&nbsp;<\/p>\n\n\n<h3 class=\"wp-block-heading\" id=\"jobansoegninger\">Jobans&oslash;gninger<\/h3>\n\n\n\n<p>Vi s\u00f8ger ikke betalt personale.<\/p>\n\n\n<h2 class=\"wp-block-heading\" id=\"databehandlere\">Databehandlere<\/h2>\n\n\n\n<p>F\u00e5 kan klare alt selv, og det samme g\u00e6lder os. Vi har derfor samarbejdspartnere, samt benytter os af leverand\u00f8rer, hvoraf nogle kan v\u00e6re databehandlere.<\/p>\n\n\n\n<p>Eksterne leverand\u00f8rer kan eksempelvis levere systemer til at organisere vores arbejde, services, r\u00e5dgivning, IT-hosting eller markedsf\u00f8ring.<\/p>\n\n\n<ul class=\"wp-block-list\" style=\"\">\n<li>Giuseppe &Oslash;llgaard Parlatore &#8211; Webansvarlig\/databehandler<\/li>\n\n\n\n<li>Nordicway.dk &#8211; IT-Hosting<\/li>\n<\/ul>\n\n\n\n<p>Det er vores ansvar at sikre, at dine personoplysninger behandles ordentligt. Derfor stiller vi h\u00f8je krav til vores samarbejdspartnere, og vores partnere skal garantere, at dine personoplysninger er beskyttet.<\/p>\n\n\n\n<p>Vi indg\u00e5r derfor aftaler herom med virksomheder (databehandlere), der h\u00e5ndterer personoplysninger p\u00e5 vores vegne for at h\u00f8jne sikkerheden af dine personoplysninger.<\/p>\n\n\n<h2 class=\"wp-block-heading\" id=\"videregivelse-af-personoplysninger\">Videregivelse af personoplysninger<\/h2>\n\n\n\n<p>Vi videregiver ikke dine personoplysninger til tredjemand.<\/p>\n\n\n<h2 class=\"wp-block-heading\" id=\"profilering-og-automatiserede-afgoerelser\">Profilering og automatiserede afg&oslash;relser<\/h2>\n\n\n\n<p>Vi foretager ikke profilering eller automatiserede afg\u00f8relser.<\/p>\n\n\n<h2 class=\"wp-block-heading\" id=\"tredjelandeoverfoersler\">Tredjelandeoverf&oslash;rsler<\/h2>\n\n\n\n<p>Vi benytter som udgangspunkt databehandlere i EU\/E\u00d8S, eller som opbevarer data i EU\/E\u00d8S.&nbsp;<\/p>\n\n\n\n<p>I nogle tilf\u00e6lde er dette ikke muligt, og her kan der benyttes databehandlere udenfor EU\/E\u00d8S, hvis disse kan give dine personoplysninger en passende beskyttelse.<\/p>\n\n\n<h2 class=\"wp-block-heading\" id=\"behandlingssikkerhed\">Behandlingssikkerhed<\/h2>\n\n\n\n<p>Vi holder behandlingen af personoplysninger sikker ved at have indf\u00f8rt passende tekniske og organisatoriske foranstaltninger.&nbsp;<\/p>\n\n\n\n<p>Vi har lavet risikovurderinger af vores behandling af personoplysninger, og har herefter indf\u00f8rt passende tekniske og organisatoriske foranstaltninger for at \u00f8ge behandlingssikkerheden.<\/p>\n\n\n<h2 class=\"wp-block-heading\" id=\"de-registreredes-rettigheder\">De registreredes rettigheder<\/h2>\n\n\n\n<p>Du har efter databeskyttelsesforordningen en r\u00e6kke rettigheder i forhold til vores behandling af oplysninger om dig.<\/p>\n\n\n\n<p>Hvis du vil g\u00f8re brug af dine rettigheder skal du kontakte os, s\u00e5 vi kan hj\u00e6lpe dig med dette.<\/p>\n\n\n<h3 class=\"wp-block-heading\" id=\"ret-til-at-se-oplysninger-indsigtsret\">Ret til at se oplysninger (indsigtsret)<\/h3>\n\n\n\n<p>Du har ret til at f\u00e5 indsigt i de oplysninger, som vi behandler om dig, samt en r\u00e6kke yderligere oplysninger.<\/p>\n\n\n<h3 class=\"wp-block-heading\" id=\"ret-til-berigtigelse-rettelse\">Ret til berigtigelse (rettelse)<\/h3>\n\n\n\n<p>Du har ret til at f\u00e5 urigtige oplysninger om dig selv rettet.<\/p>\n\n\n<h3 class=\"wp-block-heading\" id=\"ret-til-sletning\">Ret til sletning<\/h3>\n\n\n\n<p>I s\u00e6rlige tilf\u00e6lde har du ret til at f\u00e5 slettet oplysninger om dig, inden tidspunktet for vores almindelige generelle sletning indtr\u00e6ffer.<\/p>\n\n\n<h3 class=\"wp-block-heading\" id=\"ret-til-begraensning-af-behandling\">Ret til begr&aelig;nsning af behandling<\/h3>\n\n\n\n<p>Du har i visse tilf\u00e6lde ret til at f\u00e5 behandlingen af dine personoplysninger begr\u00e6nset. Hvis du har ret til at f\u00e5 begr\u00e6nset behandlingen, m\u00e5 vi fremover kun behandle oplysningerne \u2013 bortset fra opbevaring \u2013 med dit samtykke, eller med henblik p\u00e5 at retskrav kan fastl\u00e6gges, g\u00f8res g\u00e6ldende eller forsvares, eller for at beskytte en person eller vigtige samfundsinteresser.<\/p>\n\n\n<h3 class=\"wp-block-heading\" id=\"ret-til-indsigelse\">Ret til indsigelse<\/h3>\n\n\n\n<p>Du har i visse tilf\u00e6lde ret til at g\u00f8re indsigelse mod vores ellers lovlige behandling af dine personoplysninger. Du kan ogs\u00e5 g\u00f8re indsigelse mod behandling af dine oplysninger til direkte markedsf\u00f8ring.<\/p>\n\n\n<h3 class=\"wp-block-heading\" id=\"ret-til-at-transmittere-oplysninger-dataportabilitet\">Ret til at transmittere oplysninger (dataportabilitet)<\/h3>\n\n\n\n<p>Du har i visse tilf\u00e6lde ret til at modtage dine personoplysninger i et struktureret, almindeligt anvendt og maskinl\u00e6sbart format samt at f\u00e5 overf\u00f8rt disse personoplysninger fra \u00e9n dataansvarlig til en anden uden hindring.<\/p>\n\n\n\n<p>Du kan l\u00e6se mere om dine rettigheder i Datatilsynets vejledning om de registreredes rettigheder, som du finder p\u00e5&nbsp;<a href=\"http:\/\/www.datatilsynet.dk\/\" target=\"_blank\" rel=\"noreferrer noopener\">www.datatilsynet.dk<\/a>.<\/p>\n\n\n<h3 class=\"wp-block-heading\" id=\"tilbagetraekning-af-samtykke\">Tilbagetr&aelig;kning af samtykke<\/h3>\n\n\n\n<p>N\u00e5r vores behandling af dine personoplysninger er baseret p\u00e5 dit samtykke, s\u00e5 har du ret til at tr\u00e6kke dit samtykke tilbage.&nbsp;<\/p>\n\n\n<h3 class=\"wp-block-heading\" id=\"klage-til-datatilsynet\">Klage til Datatilsynet<\/h3>\n\n\n\n<p>Du har ret til at indgive en klage til Datatilsynet, hvis du er utilfreds med den m\u00e5de, vi behandler dine personoplysninger p\u00e5. Du finder Datatilsynets kontaktoplysninger p\u00e5<a href=\"http:\/\/www.datatilsynet.dk\/\" target=\"_blank\" rel=\"noreferrer noopener\">&nbsp;www.datatilsynet.dk<\/a>.<\/p>\n\n\n\n<p>Vi vil generelt opfordre dig til at l\u00e6se mere om GDPR, s\u00e5 du er opdateret p\u00e5 reglerne.<\/p>\n","protected":false},"excerpt":{"rendered":"<p>For at opretholde GDPR lovgivningen er vores Privatlivspolitik som f\u00f8lgende: Dataansvarlig Vi er dataansvarlig for behandlingen af de personoplysninger, som vi behandler om vores kunder og samarbejdspartnere. Du finder vores kontaktoplysninger nedenfor. Bankovennerne CVR-nr.: 39663171 Det er ikke et krav, at vores virksomhed har en\u00a0ekstern DPO, men hvis du har sp\u00f8rgsm\u00e5l til behandlingen af dine [&hellip;]<\/p>\n","protected":false},"author":1,"featured_media":0,"parent":0,"menu_order":0,"comment_status":"closed","ping_status":"closed","template":"","meta":{"_monsterinsights_skip_tracking":false,"_monsterinsights_sitenote_active":false,"_monsterinsights_sitenote_note":"","_monsterinsights_sitenote_category":0,"footnotes":""},"class_list":["post-231","page","type-page","status-publish","hentry"],"yoast_head":"<!-- This site is optimized with the Yoast SEO plugin v24.2 - https:\/\/yoast.com\/wordpress\/plugins\/seo\/ -->\n<title>Privatlivspolitik - Bankovenner.dk<\/title>\n<meta name=\"robots\" content=\"index, follow, max-snippet:-1, max-image-preview:large, max-video-preview:-1\" \/>\n<link rel=\"canonical\" href=\"https:\/\/bankovenner.dk\/?page_id=231\" \/>\n<meta property=\"og:locale\" content=\"da_DK\" \/>\n<meta property=\"og:type\" content=\"article\" \/>\n<meta property=\"og:title\" content=\"Privatlivspolitik - Bankovenner.dk\" \/>\n<meta property=\"og:description\" content=\"For at opretholde GDPR lovgivningen er vores Privatlivspolitik som f\u00f8lgende: Dataansvarlig Vi er dataansvarlig for behandlingen af de personoplysninger, som vi behandler om vores kunder og samarbejdspartnere. Du finder vores kontaktoplysninger nedenfor. Bankovennerne CVR-nr.: 39663171 Det er ikke et krav, at vores virksomhed har en\u00a0ekstern DPO, men hvis du har sp\u00f8rgsm\u00e5l til behandlingen af dine [&hellip;]\" \/>\n<meta property=\"og:url\" content=\"https:\/\/bankovenner.dk\/?page_id=231\" \/>\n<meta property=\"og:site_name\" content=\"Bankovenner.dk\" \/>\n<meta property=\"article:modified_time\" content=\"2025-01-16T16:56:42+00:00\" \/>\n<meta name=\"twitter:card\" content=\"summary_large_image\" \/>\n<meta name=\"twitter:label1\" content=\"Estimeret l\u00e6setid\" \/>\n\t<meta name=\"twitter:data1\" content=\"5 minutter\" \/>\n<script type=\"application\/ld+json\" class=\"yoast-schema-graph\">{\"@context\":\"https:\/\/schema.org\",\"@graph\":[{\"@type\":\"WebPage\",\"@id\":\"https:\/\/bankovenner.dk\/?page_id=231\",\"url\":\"https:\/\/bankovenner.dk\/?page_id=231\",\"name\":\"Privatlivspolitik - Bankovenner.dk\",\"isPartOf\":{\"@id\":\"https:\/\/bankovenner.dk\/#website\"},\"datePublished\":\"2025-01-16T16:56:41+00:00\",\"dateModified\":\"2025-01-16T16:56:42+00:00\",\"breadcrumb\":{\"@id\":\"https:\/\/bankovenner.dk\/?page_id=231#breadcrumb\"},\"inLanguage\":\"da-DK\",\"potentialAction\":[{\"@type\":\"ReadAction\",\"target\":[\"https:\/\/bankovenner.dk\/?page_id=231\"]}]},{\"@type\":\"BreadcrumbList\",\"@id\":\"https:\/\/bankovenner.dk\/?page_id=231#breadcrumb\",\"itemListElement\":[{\"@type\":\"ListItem\",\"position\":1,\"name\":\"Hjem\",\"item\":\"https:\/\/bankovenner.dk\/\"},{\"@type\":\"ListItem\",\"position\":2,\"name\":\"Privatlivspolitik\"}]},{\"@type\":\"WebSite\",\"@id\":\"https:\/\/bankovenner.dk\/#website\",\"url\":\"https:\/\/bankovenner.dk\/\",\"name\":\"Bankovenner.dk\",\"description\":\"Odense&#039;s bedste bankosted!\",\"potentialAction\":[{\"@type\":\"SearchAction\",\"target\":{\"@type\":\"EntryPoint\",\"urlTemplate\":\"https:\/\/bankovenner.dk\/?s={search_term_string}\"},\"query-input\":{\"@type\":\"PropertyValueSpecification\",\"valueRequired\":true,\"valueName\":\"search_term_string\"}}],\"inLanguage\":\"da-DK\"}]}<\/script>\n<!-- \/ Yoast SEO plugin. -->","yoast_head_json":{"title":"Privatlivspolitik - Bankovenner.dk","robots":{"index":"index","follow":"follow","max-snippet":"max-snippet:-1","max-image-preview":"max-image-preview:large","max-video-preview":"max-video-preview:-1"},"canonical":"https:\/\/bankovenner.dk\/?page_id=231","og_locale":"da_DK","og_type":"article","og_title":"Privatlivspolitik - Bankovenner.dk","og_description":"For at opretholde GDPR lovgivningen er vores Privatlivspolitik som f\u00f8lgende: Dataansvarlig Vi er dataansvarlig for behandlingen af de personoplysninger, som vi behandler om vores kunder og samarbejdspartnere. Du finder vores kontaktoplysninger nedenfor. Bankovennerne CVR-nr.: 39663171 Det er ikke et krav, at vores virksomhed har en\u00a0ekstern DPO, men hvis du har sp\u00f8rgsm\u00e5l til behandlingen af dine [&hellip;]","og_url":"https:\/\/bankovenner.dk\/?page_id=231","og_site_name":"Bankovenner.dk","article_modified_time":"2025-01-16T16:56:42+00:00","twitter_card":"summary_large_image","twitter_misc":{"Estimeret l\u00e6setid":"5 minutter"},"schema":{"@context":"https:\/\/schema.org","@graph":[{"@type":"WebPage","@id":"https:\/\/bankovenner.dk\/?page_id=231","url":"https:\/\/bankovenner.dk\/?page_id=231","name":"Privatlivspolitik - Bankovenner.dk","isPartOf":{"@id":"https:\/\/bankovenner.dk\/#website"},"datePublished":"2025-01-16T16:56:41+00:00","dateModified":"2025-01-16T16:56:42+00:00","breadcrumb":{"@id":"https:\/\/bankovenner.dk\/?page_id=231#breadcrumb"},"inLanguage":"da-DK","potentialAction":[{"@type":"ReadAction","target":["https:\/\/bankovenner.dk\/?page_id=231"]}]},{"@type":"BreadcrumbList","@id":"https:\/\/bankovenner.dk\/?page_id=231#breadcrumb","itemListElement":[{"@type":"ListItem","position":1,"name":"Hjem","item":"https:\/\/bankovenner.dk\/"},{"@type":"ListItem","position":2,"name":"Privatlivspolitik"}]},{"@type":"WebSite","@id":"https:\/\/bankovenner.dk\/#website","url":"https:\/\/bankovenner.dk\/","name":"Bankovenner.dk","description":"Odense&#039;s bedste bankosted!","potentialAction":[{"@type":"SearchAction","target":{"@type":"EntryPoint","urlTemplate":"https:\/\/bankovenner.dk\/?s={search_term_string}"},"query-input":{"@type":"PropertyValueSpecification","valueRequired":true,"valueName":"search_term_string"}}],"inLanguage":"da-DK"}]}},"jetpack_sharing_enabled":true,"_links":{"self":[{"href":"https:\/\/bankovenner.dk\/index.php?rest_route=\/wp\/v2\/pages\/231","targetHints":{"allow":["GET"]}}],"collection":[{"href":"https:\/\/bankovenner.dk\/index.php?rest_route=\/wp\/v2\/pages"}],"about":[{"href":"https:\/\/bankovenner.dk\/index.php?rest_route=\/wp\/v2\/types\/page"}],"author":[{"embeddable":true,"href":"https:\/\/bankovenner.dk\/index.php?rest_route=\/wp\/v2\/users\/1"}],"replies":[{"embeddable":true,"href":"https:\/\/bankovenner.dk\/index.php?rest_route=%2Fwp%2Fv2%2Fcomments&post=231"}],"version-history":[{"count":1,"href":"https:\/\/bankovenner.dk\/index.php?rest_route=\/wp\/v2\/pages\/231\/revisions"}],"predecessor-version":[{"id":232,"href":"https:\/\/bankovenner.dk\/index.php?rest_route=\/wp\/v2\/pages\/231\/revisions\/232"}],"wp:attachment":[{"href":"https:\/\/bankovenner.dk\/index.php?rest_route=%2Fwp%2Fv2%2Fmedia&parent=231"}],"curies":[{"name":"wp","href":"https:\/\/api.w.org\/{rel}","templated":true}]}}